{"id":5,"date":"2018-11-05T15:15:50","date_gmt":"2018-11-05T06:15:50","guid":{"rendered":"http:\/\/mg-glassco.com\/?page_id=5"},"modified":"2025-05-14T15:23:21","modified_gmt":"2025-05-14T06:23:21","slug":"%e5%95%86%e5%93%81%e3%83%bb%e4%be%a1%e6%a0%bc%e6%a1%88%e5%86%85","status":"publish","type":"page","link":"https:\/\/mg-glassco.com\/?page_id=5","title":{"rendered":"\u5546\u54c1\u30fb\u4fa1\u683c\u6848\u5185"},"content":{"rendered":"<p><\/p>\n<h2 class=\"paragraph\" style=\"text-align : left;\">\u3000<u class=\"character\">\u30aa\u30fc\u30c0\u30fc\u30df\u30e9\u30fc<\/u><\/h2>\n<table id=\"sp-table-1\" class=\"sp-part-top sp-table\">\n<tr>\n<th class=\"col-title row-title\" width=\"189\">\n\u52a0\u5de5\u30fb\u30df\u30e9\u30fc\u30b5\u30a4\u30ba(\u339c\uff09\n<\/th>\n<th class=\"row-title\" style=\"text-align : center;\">\n450\u00d72200\n<\/th>\n<th class=\"row-title\" style=\"text-align : center;\" width=\"161\">\n600\u00d72200\n<\/th>\n<th class=\"row-title\" style=\"text-align : center;\">\n900\u00d72200\n<\/th>\n<\/tr>\n<tr>\n<th class=\"col-title\" style=\"text-align : left;\" width=\"189\">\n4\u65b93\u339c\u9762\u53d6\u308a\n<\/th>\n<td style=\"text-align : center;\">\n<u class=\"character\">\uffe554,400<\/u><u class=\"character\">&#8211;<\/u>\n<\/td>\n<td width=\"161\" style=\"text-align : center;\">\n<u class=\"character\">\uffe560,400<\/u><u class=\"character\">&#8211;<\/u>\n<\/td>\n<td style=\"text-align : center;\">\n<u class=\"character\">\uffe594,400-<\/u>\n<\/td>\n<\/tr>\n<tr>\n<th class=\"col-title\" width=\"189\" style=\"text-align : left;\">\n\u7e269\u339c\u9762\u53d6\u308a\n<\/th>\n<td style=\"text-align : center;\">\n<u class=\"character\">\uffe555,300<\/u>&#8211;\n<\/td>\n<td width=\"161\" style=\"text-align : center;\">\n<u class=\"character\">\uffe5<\/u><u class=\"character\">61,300-<\/u>\n<\/td>\n<td style=\"text-align : center;\">\n<u class=\"character\">\uffe595,300-<\/u>\n<\/td>\n<\/tr>\n<tr>\n<th class=\"col-title\" width=\"189\" style=\"text-align : left;\">\n\u7e2615\u339c\u9762\u53d6\u308a\n<\/th>\n<td style=\"text-align : center;\">\n<u class=\"character\">\uffe556,600<\/u><u class=\"character\">&#8211;<\/u>\n<\/td>\n<td width=\"161\" style=\"text-align : center;\">\n<u class=\"character\">\uffe562,600<\/u><u class=\"character\">&#8211;<\/u>\n<\/td>\n<td style=\"text-align : center;\">\n<u class=\"character\">\uffe597,600-<\/u>\n<\/td>\n<\/tr>\n<tr>\n<th class=\"col-title\" width=\"189\" style=\"text-align : left;\">\n\u5c0f\u53e3\u78e8\u304d\n<\/th>\n<td style=\"text-align : center;\">\n<u class=\"character\">\uffe550,000<\/u><u class=\"character\">&#8211;<\/u>\n<\/td>\n<td width=\"161\" style=\"text-align : center;\">\n<u class=\"character\">\uffe556,000<\/u><u class=\"character\">&#8211;<\/u>\n<\/td>\n<td style=\"text-align : center;\">\n<u class=\"character\">\uffe590,000<\/u><u class=\"character\">&#8211;<\/u>\n<\/td>\n<\/tr>\n<\/table>\n<div id=\"sp-block-container-8\" class=\"sp-part-top sp-block-container\">\n<h2 class=\"paragraph\" style=\"text-align : left;\">\u3000<u class=\"character\">\u5b9a\u5bf8\u30b5\u30a4\u30ba\u30df\u30e9\u30fc<\/u>\u3000<\/h2>\n<table id=\"sp-table-2\" class=\"sp-part-top sp-table\">\n<tr>\n<th class=\"col-title row-title\" width=\"190\">\n\u52a0\u5de5\u30fb\u30df\u30e9\u30fc\u30b5\u30a4\u30ba(\u339c\uff09\n<\/th>\n<th class=\"row-title\" style=\"text-align : center;\" width=\"184\">\n450\u00d71800\n<\/th>\n<th class=\"row-title\" style=\"text-align : center;\" width=\"165\">\n600\u00d71800\n<\/th>\n<th class=\"row-title\" style=\"text-align : center;\">\n900\u00d71800\n<\/th>\n<\/tr>\n<tr>\n<th class=\"col-title\" style=\"text-align : left;\" width=\"190\">\n4\u65b93\u339c\u9762\u53d6\u308a\n<\/th>\n<td style=\"text-align : center;\" width=\"184\">\n<u class=\"character\">\uffe545,000-<\/u>\n<\/td>\n<td width=\"165\" style=\"text-align : center;\">\n<u class=\"character\">\uffe549,800<\/u><u class=\"character\">&#8211;<\/u>\n<\/td>\n<td style=\"text-align : center;\">\n<u class=\"character\">\uffe581,400-<\/u>\n<\/td>\n<\/tr>\n<tr>\n<th class=\"col-title\" width=\"190\" style=\"text-align : left;\">\n4\u65b99\u339c\u9762\u53d6\u308a\n<\/th>\n<td style=\"text-align : center;\" width=\"184\">\n<u class=\"character\">\uffe545,900<\/u><u class=\"character\">&#8211;<\/u>\n<\/td>\n<td width=\"165\" style=\"text-align : center;\">\n<u class=\"character\">\uffe550,800-<\/u>\n<\/td>\n<td style=\"text-align : center;\">\n<u class=\"character\">\uffe582,500<\/u><u class=\"character\">&#8211;<\/u>\n<\/td>\n<\/tr>\n<tr>\n<th class=\"col-title\" width=\"190\" style=\"text-align : left;\">\n4\u65b915\u339c\u9762\u53d6\u308a\n<\/th>\n<td style=\"text-align : center;\" width=\"184\">\n<u class=\"character\">\uffe547,250<\/u><u class=\"character\">&#8211;<\/u>\n<\/td>\n<td width=\"165\" style=\"text-align : center;\">\n<u class=\"character\">\uffe552,200-<\/u>\n<\/td>\n<td style=\"text-align : center;\">\n<u class=\"character\">\uffe584,100<\/u><u class=\"character\">&#8211;<\/u>\n<\/td>\n<\/tr>\n<tr>\n<th class=\"col-title\" width=\"190\" style=\"text-align : left;\">\n\u5c0f\u53e3\u78e8\u304d\n<\/th>\n<td style=\"text-align : center;\" width=\"184\">\n<u class=\"character\">\uffe540,500-<\/u>\n<\/td>\n<td width=\"165\" style=\"text-align : center;\">\n<u class=\"character\">\uffe545,000-<\/u>\n<\/td>\n<td style=\"text-align : center;\">\n<u class=\"character\">\uffe576,000-<\/u>\n<\/td>\n<\/tr>\n<\/table>\n<p><\/p>\n<div id=\"sp-block-container-9\" class=\"sp-part-top sp-block-container\">\n<h2 class=\"paragraph\">\u30003\u679a\u8cbc\u308a\u30bb\u30c3\u30c8<\/h2>\n<p class=\"paragraph\">\u30fb15\u339c\u9762\u53d6\u308a\u306e\u30df\u30e9\u30fc\u30923\u679a\u30c7\u30b6\u30a4\u30f3\u8cbc\u308a\u306b\u3057\u305f\u304a\u5f97\u306a\u30bb\u30c3\u30c8\u3067\u3059\u3002<\/p>\n<p class=\"paragraph\">\u30fb\u9ad8\u3055\u5bf8\u6cd5\u306f\u3001\u58c1\u306e\u5929\u4e95\u9ad8\u306b\u5408\u308f\u305b\u3066\u30aa\u30fc\u30c0\u30fc\u3067\u304d\u307e\u3059\u3002<\/p>\n<p class=\"paragraph\">\u30fb\u4e21\u30b5\u30a4\u30c9\u306e\u93e1\u306f\u5e45100\u339c\uff5e150\u339c\u3067\u5927\u304d\u3055\u3092\u8abf\u6574\u3067\u304d\u307e\u3059\u3002<\/p>\n<p class=\"paragraph\">\u203b\uff08\u9ad8\u30552200\u339c\u3092\u8d85\u3048\u308b\u5834\u5408\u306f\u5225\u9014\u304a\u898b\u7a4d\u308a\u3068\u306a\u308a\u307e\u3059\u3002\uff09<\/p>\n<p class=\"paragraph\">\u30b9\u30bf\u30f3\u30c0\u30fc\u30c9\u30bb\u30c3\u30c8\u3000\u5e45(\u339c)120\u00d7450\u00d7120\u3000\u3000<u class=\"character\" style=\"font-size : 1.8rem;color : #ff0000;\">\u7279\u5225\u4fa1\u683c\uffe575,800-(\u7a0e\u5225\uff09<\/u><\/p>\n<p class=\"paragraph\">\u30ef\u30a4\u30c9\u30bb\u30c3\u30c8\u3000\u3000\u3000\u3000\u5e45(\u339c)120\u00d7600\u00d7120\u3000\u3000<u class=\"character\" style=\"font-size : 1.8rem;color : #ff0000;\">\u7279\u5225\u4fa1\u683c\uffe581,800<\/u><u class=\"character\" style=\"font-size : 1.8rem;color : #ff0000;\">-(\u7a0e\u5225\uff09<\/u><\/p>\n<\/div>\n<h2 class=\"paragraph\">\u3000<\/h2>\n<div id=\"sp-block-container-10\" class=\"sp-part-top sp-block-container\">\n<h2 class=\"paragraph\" id=\"spb-bookmark-2\">\u3000\u30a8\u30b3\u30ab\u30e9\u30c3\u30c8\u00d7\u30df\u30e9\u30fc\u30fb\u30c7\u30b6\u30a4\u30f3\u8cbc\u308a\u30df\u30e9\u30fc<\/h2>\n<p class=\"paragraph\">\u30fb\u30a8\u30b3\u30ab\u30e9\u30c3\u30c8\u3068\u93e1\u3092\u5408\u308f\u305b\u3066\u65bd\u5de5\u3001\u30c7\u30b6\u30a4\u30f3\u8cbc\u308a\u306e\u93e1\u3082\u304a\u4efb\u305b\u304f\u3060\u3055\u3044\uff01<\/p>\n<p class=\"paragraph\">\u30fb\u30e2\u30c7\u30eb\u30eb\u30fc\u30e0\u306e\u3088\u3046\u306a\u30aa\u30b7\u30e3\u30ec\u306a\u304a\u90e8\u5c4b\u306b\u3057\u305f\u3044\u65b9\u306b\u30aa\u30b9\u30b9\u30e1\u3067\u3059\uff01\uff01<\/p>\n<\/div>\n<div id=\"sp-button-4\" class=\"sp-part-top sp-button\"><a href=\"https:\/\/mg-glassco.com\/#spb-page-title-1\">\u65bd\u5de5\u4f8b\u3092\u898b\u308b<\/a><\/div>\n<div id=\"sp-button-5\" class=\"sp-part-top sp-button\"><a href=\"https:\/\/mg-glassco.com\/?page_id=192\">\u304a\u554f\u3044\u5408\u308f\u305b<\/a><\/div>\n<p class=\"paragraph\">\n<\/div>\n<div id=\"sp-block-container-11\" class=\"sp-part-top sp-block-container\">\n<p style=\"font-size : 1.3rem;\" class=\"paragraph\">\u3000<span class=\"character\" style=\"font-size : 1.4rem;\">\u203b3\u339c\u9762\u53d6\u308a\u306f4\u65b9\u52a0\u5de5\u306e\u307f\u3068\u306a\u3063\u3066\u304a\u308a\u307e\u3059\u3002<\/span><\/p>\n<p class=\"paragraph\">\u3000<span class=\"character\" style=\"font-size : 1.4rem;\">\u203b\u642c\u5165\u72b6\u6cc1\u3084\u53d6\u4ed8\u4f4d\u7f6e\u306b\u3088\u3063\u3066\u306f\u8ffd\u52a0\u8cbb\u7528\u304c\u5fc5\u8981\u3068\u306a\u308b\u5834\u5408\u304c\u3054\u3056\u3044\u307e\u3059\u3002<\/span><span class=\"character\" style=\"font-size : 1.4rem;\">\u8a73\u3057\u304f\u306f\u304a\u554f\u3044\u5408\u308f\u305b\u304f\u3060\u3055\u3044\u3002<\/span><\/p>\n<p class=\"paragraph\"><span class=\"character\" style=\"font-size : 1.4rem;\">\u3000\u203b\u8868\u793a\u91d1\u984d\u30d7\u30e9\u30b9\u5225\u9014\u3067\u914d\u9001\u8cbb\u30fb\u4ea4\u901a\u8cbb\uff08\uffe53,000\uff5e\uffe510,000\uff09\u304c\u5fc5\u8981\u3068\u306a\u308a\u307e\u3059\u3002<\/span><\/p>\n<p class=\"paragraph\">\u3000<span class=\"character\" style=\"font-size : 1.4rem;\">\u203b\u305d\u306e\u4ed6\u5404\u7a2e\u30df\u30e9\u30fc\u306f\u5225\u9014\u304a\u898b\u7a4d\u308a\u3055\u305b\u3066\u3044\u305f\u3060\u304d\u307e\u3059\u3002<\/span><\/p>\n<p class=\"paragraph\">\u3000<span class=\"character\" style=\"font-size : 1.4rem;\">\u203b\u8868\u793a\u4fa1\u683c\u306f\u3059\u3079\u3066\u7a0e\u5225\u3067\u3059\u3002<\/span><\/p>\n<p class=\"paragraph\">\u3000<span class=\"character\" style=\"font-size : 1.4rem;\">\u203b<\/span><span class=\"character\" style=\"font-size : 1.5rem;\"><\/span><u class=\"character\" style=\"font-size : 1.7rem;color : #dc3522;\">\u2193\u304a\u5f97\u306a\u30ad\u30e3\u30f3\u30da\u30fc\u30f3\u2193<\/u><u class=\"character\" style=\"font-size : 1.6rem;color : #dc3522;\"><\/u><span class=\"character\" style=\"font-size : 1.4rem;\">\u3092\u4f7f\u3048\u3070\u4e0a\u8a18\u306e\u91d1\u984d\u304b\u3089\u3055\u3089\u306b\u304a\u5f97\u306b\uff01\uff01<\/span><\/p>\n<\/div>\n","protected":false},"excerpt":{"rendered":"<p>\u3000\u30aa\u30fc\u30c0\u30fc\u30df\u30e9\u30fc \u52a0\u5de5\u30fb\u30df\u30e9\u30fc\u30b5\u30a4\u30ba(\u339c\uff09 450\u00d72200 600\u00d72200 900\u00d72200 4\u65b93\u339c\u9762\u53d6\u308a \uffe554,400&#8211; \uffe560,400&#8211; \uffe594,400- \u7e269\u339c\u9762\u53d6\u308a \uffe555,300 [&hellip;]<\/p>\n","protected":false},"author":1,"featured_media":0,"parent":0,"menu_order":0,"comment_status":"close","ping_status":"open","template":"fee.php","meta":{"footnotes":""},"class_list":["post-5","page","type-page","status-publish","hentry"],"_links":{"self":[{"href":"https:\/\/mg-glassco.com\/index.php?rest_route=\/wp\/v2\/pages\/5","targetHints":{"allow":["GET"]}}],"collection":[{"href":"https:\/\/mg-glassco.com\/index.php?rest_route=\/wp\/v2\/pages"}],"about":[{"href":"https:\/\/mg-glassco.com\/index.php?rest_route=\/wp\/v2\/types\/page"}],"author":[{"embeddable":true,"href":"https:\/\/mg-glassco.com\/index.php?rest_route=\/wp\/v2\/users\/1"}],"replies":[{"embeddable":true,"href":"https:\/\/mg-glassco.com\/index.php?rest_route=%2Fwp%2Fv2%2Fcomments&post=5"}],"version-history":[{"count":108,"href":"https:\/\/mg-glassco.com\/index.php?rest_route=\/wp\/v2\/pages\/5\/revisions"}],"predecessor-version":[{"id":1437,"href":"https:\/\/mg-glassco.com\/index.php?rest_route=\/wp\/v2\/pages\/5\/revisions\/1437"}],"wp:attachment":[{"href":"https:\/\/mg-glassco.com\/index.php?rest_route=%2Fwp%2Fv2%2Fmedia&parent=5"}],"curies":[{"name":"wp","href":"https:\/\/api.w.org\/{rel}","templated":true}]}}